et b = 464 - y. Suppose -j - b = -4*j. Is j a composite number?
False
Let a be 54/(-36)*(-56)/3. Let s = 225 + a. Is s prime?
False
Suppose 60*g = 64*g - 4. Is ((-21)/g)/((-9)/21) composite?
True
Let n(f) = 2133*f**2 + f. Let b be n(1). Suppose -3*j + 5587 = b. Is j a composite number?
False
Suppose 120 = 2*x - 234. Let a be 0 + 1 + 53 + -46. Suppose x = -5*s + a*s. Is s a prime number?
True
Suppose 7*q = 5*q + 258. Let r = -76 + q. Is r a composite number?
False
Suppose -25*n - 18*n = -70563. Is n a prime number?
False
Let b = 31772 - 16791. Is b composite?
True
Let o be 1 - 3/(-6)*766. Let n = o + -72. Suppose 3*r - 177 - n = 0. Is r a composite number?
False
Suppose -2*f + 15 = -7*f. Let c(h) = 34*h**2 + 3*h + 4. Let b(q) = 104*q**2 + 9*q + 11. Let u(k) = 6*b(k) - 17*c(k). Is u(f) composite?
True
Suppose -5*d - 28 = -4*t, -4*d = t - 5 - 2. Suppose t*c = 10*c - 6. Suppose 0*o - c*k - 741 = -5*o, -3*o = -5*k - 437. Is o prime?
True
Let n be 36/8 - 5/(-10). Suppose 5*x - v = -0*v - 355, -3*v - 375 = n*x. Is 1/(-4) + (-25794)/x a prime number?
False
Suppose -s - 4*s + 206 = h, -110 = -3*s - 4*h. Suppose 0 = -4*d + j + 15, j - 6*j - 30 = -5*d. Suppose 3*v + d - s = 0. Is v composite?
False
Let k be (7 - (3 + -3))*1. Let w = 10 - k. Suppose -w = 2*j - 81. Is j a prime number?
False
Let l = 6227 - 198. Is l a prime number?
True
Let y(x) = 3*x + 3. Let z(i) = i + 1. Let w(d) = 3*y(d) - 7*z(d). Let r be w(1). Suppose r*p + 660 = 2048. Is p a prime number?
True
Suppose -w - 2*t - 2*t + 27 = 0, -10 = -5*t. Suppose 21 + 11 = -2*z. Is z + w + -1 + 539 a composite number?
False
Suppose -4*q = -20, -y + 2265 = 5*q - 1843. Is y composite?
True
Let f(c) = 6*c - 38*c**2 + 79*c**2 - 40*c**2 + 16. Let m = -5 + -2. Is f(m) a prime number?
True
Let r(c) = 170*c - 49. Is r(13) composite?
False
Is 1/((5 + -1)/30908) a composite number?
False
Is 11223 - (4 - (-8)/2) prime?
False
Let k(z) = -3*z - 2. Let y be k(-2). Let n(x) = 9*x**2 - 2*x + 1. Let u be n(y). Let i = -72 + u. Is i a prime number?
False
Suppose 0 = 4*q + x - 7051, 3*q = 5*q - 2*x - 3518. Is q prime?
False
Suppose -3*s = -h + 2, -h - 5*s + 3 - 1 = 0. Let t = 2 - h. Is (-3 - t)*(-152)/24 a composite number?
False
Let w = 2854 + 2773. Is w prime?
False
Suppose -b + 3*m + 20 = 7*m, -4*m + 20 = 0. Suppose 8*n - 6*n = -4*r + 3334, b = n - 2*r - 1671. Is n a composite number?
False
Let b = -2175 - -3052. Is b a composite number?
False
Let m = -334 - -377. Let w(q) = -54*q + 4. Let x be w(-3). Suppose x = z - m. Is z a prime number?
False
Let n(j) = -49*j - 31. Let l be n(-8). Suppose -4*a = -c - 116, -2*c = -4*a + 2*a + 64. Let k = a + l. Is k composite?
False
Let y(f) = -10*f - 28. Let q be y(-3). Suppose -1637 = -4*t + c + 1987, -5*c + 1834 = q*t. Is t a prime number?
True
Let h(r) = -663*r + 221. Let s(f) = -51*f + 17. Let a(c) = -4*h(c) + 51*s(c). Is a(8) a prime number?
False
Let x be (-5)/(-25) + 3/(-15). Suppose -r = 2*w - w - 2, x = 4*w + 5*r - 11. Is 144 - (-3 - -2)/w a prime number?
False
Let r = -2942 - -9579. Is r prime?
True
Let b(y) = -454*y - 43. Is b(-3) prime?
True
Let h = -6 - -11. Let c(o) = -40*o**3 - 4*o**2 - 6*o - 9. Let t be c(-3). Suppose 388 - t = -h*n. Is n composite?
True
Let i = 343 - 725. Let g = -15 - i. Is g a prime number?
True
Let a = -10538 + 18141. Is a prime?
True
Let l(j) = 4*j - 4. Let v be l(2). Let a be v/(-8)*2 + 486. Suppose -2*m = -3*m + a. Is m prime?
False
Let q = 13689 - 6928. Is q a composite number?
False
Suppose 354637 = -1467*s + 1484*s. Is s composite?
True
Let b(d) = d**2 + 2*d - 13. Suppose 2*n = 5*o - 38 - 3, n + 16 = 2*o. Let a be 105/14 - o/(-6). Is b(a) composite?
True
Suppose 3*o - 2*o = 0. Suppose -2*v + 19 = -2*s + 5*s, o = -2*s - 3*v + 16. Suppose 2*x + 2*x - 1941 = 5*p, p + 2400 = s*x. Is x prime?
True
Let i be ((-3)/3)/(4/(-12)). Suppose 4*g - 4*m + 10 = -2*m, -i*g + 3*m = 15. Is (12 + 3)/(g - -1) a prime number?
False
Suppose 0 = -6*y + 8641 + 20525. Is y prime?
True
Suppose -695*p - 1105 = -700*p. Is p prime?
False
Suppose 5*j - 19 - 1 = 0. Let g be (-59)/j + 1/(-4). Is (1156/12)/((-5)/g) a composite number?
True
Let a(z) = -26*z**3 + z**2 - 4*z - 3. Suppose 3*b + 16 = -b. Is a(b) composite?
False
Suppose 4*g = -4*d + 42028, -26*g - 52551 = -31*g - d. Is g a prime number?
False
Let r = 32 - 27. Let n(p) = 5*p**3 - 2*p**2 - 13*p + 4. Let q be n(r). Let g = q - 275. Is g prime?
True
Suppose 1 = 3*i - 5*w + 3, -5*i = -3*w + 30. Let t(o) = o**3 + 11*o**2 - 2*o + 3. Is t(i) a composite number?
True
Let h = 5312 - 3075. Is h prime?
True
Let s = 48 + -2. Let k = s - 33. Let l(a) = 4*a - 9. Is l(k) prime?
True
Let n(i) = i**3 + 4*i**2 - 11*i - 3. Let l be n(-9). Let q = 520 + l. Let t = q + 22. Is t a composite number?
False
Suppose 2*x + 1 = -r - 0*r, -2*x + 3*r + 3 = 0. Suppose x = 3*a + 4*a - 665. Is a composite?
True
Let v be (-1)/1 - 1*10. Let p(w) = -66*w - 46. Let o(m) = 33*m + 22. Let t(r) = -13*o(r) - 6*p(r). Is t(v) prime?
True
Let g be -2 - (-2 + -26*53). Suppose 9 - 364 = -m + 4*u, 4*m = -5*u + g. Is m composite?
False
Suppose 4*s - 7 = 9. Suppose 3*j = 3*x - 21, 3*x - 2*x = 4*j + s. Let c(i) = 5*i**2 + i - 9. Is c(x) composite?
True
Suppose 5*f = 19*f + 4214. Let o = f + 842. Is o a prime number?
True
Let c(r) = 3*r**2 - 14*r - 3. Let o be c(5). Suppose -3*f + x + 12581 = 0, -2*x - 3*x = o*f - 8410. Is f prime?
False
Let j be (-1 - -3) + 174 + 0. Suppose 0*k + j = k. Let u = k + -123. Is u a prime number?
True
Suppose -5*b + 12 + 8 = 0, 5*b - 30 = -2*q. Suppose 2*m - 4*u - 640 = 310, 2*u = -m + 475. Suppose 5*i = -4*s + m, 4*i - q*s = 431 - 51. Is i a prime number?
False
Let g = 78180 + -52163. Is g a prime number?
True
Suppose v - 2230 = -4*s, 2230 = -0*v + v + 5*s. Let l = 229 + v. Is l a prime number?
True
Suppose -2*s - 2*z = -5*z - 286, -8 = -2*z. Is s a composite number?
False
Let w = -12 - -15. Suppose 5*m = -j + 17, -w*m + 2 = -j - 5. Is -18 + 14 - (-542)/j a prime number?
False
Suppose -p = -3138 - 3157. Suppose 0 = 13*w - 18*w + p. Is w a composite number?
False
Suppose -773 = 9*b - 36134. Let z = b - 2780. Is z a prime number?
False
Let o(a) = 7*a - 2*a - 4*a + 7 + 8. Let q be o(-10). Suppose -q*z = -2*z - 381. Is z a prime number?
True
Let a(b) = b + 5. Let z be a(-5). Let l = 4 + z. Suppose l*i - 5*c - 99 = i, -4*c - 165 = -5*i. Is i composite?
True
Suppose -2*f - 11 + 15 = 0. Suppose 0 = g - w - 290, -g + w + f*w = -284. Is g prime?
True
Let m(c) = -9*c**3 - 2 - 5*c**2 - 5*c + 4*c**2 + 2*c**2. Suppose -12*r = 3*r + 45. Is m(r) a composite number?
True
Suppose -m = -3*v, m + 2*m - 5*v = 0. Suppose m = 5*h - 267 - 643. Suppose 2*c + h = 4*c. Is c prime?
False
Let z = 1294 - 133. Suppose -5*x = 2*m - z, 2301 = m + 3*m + 3*x. Suppose 5*g - 2*g - m = 0. Is g a prime number?
True
Suppose 3*b + 5 = 5*b + q, -q - 19 = -4*b. Suppose b*n = 724 + 280. Is n composite?
False
Let l(w) = -418*w + 69. Is l(-11) prime?
False
Is (22/(-44))/(3/(-87678)) composite?
True
Is 3593 + (-3)/(8 - -1)*0 a prime number?
True
Let r = 22810 - -1471. Is r prime?
True
Let b be 8/(-3)*(-27)/4. Suppose 4*y + 16 = 2*j, -5*j + b = -5*y - 2. Is (-2532)/18*6/y prime?
True
Let q be -1*(-1 + -2) + 4. Suppose q*r - 173 = 6*r. Let k = -96 + r. Is k prime?
False
Suppose 2*u - 4*w = 42954, -4*w + 42958 = 2*u - 9*w. Is u a composite number?
True
Let t be (14 + -2)/4 - 1073. Let w = t - -1575. Is w composite?
True
Let h(b) = 19*b**3 - 7*b**2 + b + 3. Let g(q) = 9*q**3 - 3*q**2 + 1. Let v(k) = 5*g(k) - 2*h(k). Let z be v(-1). Is ((-14)/z)/((-2)/(-53)) a prime number?
True
Let b(w) = -125 + 67 - 380*w**3 + 2*w + 111*w**3 + w**2 + 59. Is b(-1) a composite number?
False
Let b = 32 - 41. Let k(q) = -q**3 - 7*q**2 - 11*q - 8. Is k(b) prime?
False
Let l(r) = 184*r**2 - 15*r - 23. Is l(14) a prime number?
True
Suppose 25 = -0*b - 4*b + 5*y, 5*b - 5 = -y. Suppose 18*v - 13*v - 385 = b. Is v composite?
True
Suppose -k = -7*k. Suppose -5*w - 5*c + 1455 = 0, 2*w + w - 2*c - 873 = k. Is w a composite number?
True
Let s be 2/23 + (-221460)/(-345). Suppose 3*c = 5*f - 3996, 5*f + c - 6069 = -2061. Suppose 4*n - 2*x = s, -5*n + 2*x + 2*x = -f. Is n a composite number?
True
Suppose 3*b = 1611 + 21. Is 1*(b + -2) + -1 a composite number?
False
Let t = -1821 + 3880. Is t a prime numbe